- 3*o**2 + 2*o + 11. Determine q(-3).
5
Let w(g) = -20*g - 232. Give w(-12).
8
Let n(c) = -c**3 - 9*c**2 + c + 5. Determine n(-9).
-4
Let h(m) = -m**3 + 5*m**2 - 2*m + 26. Calculate h(5).
16
Let l(u) = -u**2 - 6*u + 91. What is l(7)?
0
Let y(s) = s**2 + 8*s - 5. Calculate y(-6).
-17
Let u(x) = -x**2 + 17*x + 70. Determine u(21).
-14
Let v(h) = h**2 - 3*h - 4. Determine v(11).
84
Let y(z) = -5*z**2 - z + 3. What is y(5)?
-127
Let j(h) = -h**3 + 16*h**2 - 42*h + 4. Determine j(13).
-35
Let j(p) = -2*p**3 - 34*p**2 + 41*p + 91. What is j(-18)?
1
Let l(i) = -2*i**2 + 6*i - 6. Determine l(6).
-42
Let j(m) = m**2 + 38*m + 313. Give j(-26).
1
Let w(y) = y**2 - 18*y + 40. What is w(15)?
-5
Let o(v) = v**3 + 38*v**2 + 3*v + 83. What is o(-38)?
-31
Let h(c) = -4*c - 23. Calculate h(-17).
45
Let j(x) = -2*x**2 + 8*x + 1. Give j(5).
-9
Let t(y) = 22*y + 148. Calculate t(-7).
-6
Let j(h) = 6*h**3 - 2*h**2 + h - 1. What is j(1)?
4
Let v(u) = -u**3 - 5*u**2 - 13*u - 29. Give v(-4).
7
Let u(m) = -m**2 + 5*m + 8. Determine u(5).
8
Let u(s) = -14*s + 4. Calculate u(2).
-24
Let k(d) = -d**2 + 23*d + 27. Give k(24).
3
Let l(q) = q**3 - 9*q**2 - 21*q - 13. What is l(11)?
-2
Let f(g) = 2*g**2 + 37*g + 16. Determine f(-18).
-2
Let h(d) = 149*d**2 - d. What is h(-1)?
150
Let j(s) = -s**2 - s + 4. What is j(-6)?
-26
Let c(k) = 2*k**2 + 39*k - 13. Determine c(-20).
7
Let j(q) = 2*q - 7. Give j(5).
3
Let w(c) = 6*c - 12. What is w(9)?
42
Let b(u) = 2*u + 5. Determine b(-12).
-19
Let v(g) = -13*g - 2. What is v(-2)?
24
Let y(k) = -k**3 + 8*k**2 - 5*k - 3. Determine y(7).
11
Let x(t) = -3*t + 94. Give x(29).
7
Let r(f) = -18*f**2 + f - 1. Determine r(1).
-18
Let f(d) = d**2 + 13*d - 75. Calculate f(5).
15
Let y(h) = -9*h**2 + 41*h + 21. Calculate y(5).
1
Let b(l) = 34*l + 308. Determine b(-9).
2
Let s(p) = -p**3 - 5*p**2 - 34*p - 236. What is s(-6)?
4
Let r(t) = -t**3 + 5*t**2 + 17*t - 7. What is r(7)?
14
Let u(n) = n**2 + 10*n - 17. Give u(-11).
-6
Let n(r) = -3*r + 13. Calculate n(-6).
31
Let k(d) = d**3 + 5*d**2 - 6*d + 4. What is k(-6)?
4
Let i(n) = n**2 - 7*n - 35. Calculate i(-3).
-5
Let x(k) = 2*k**3 - k**2 - 9*k - 5. Give x(-2).
-7
Let f(n) = -3*n**2 - 17*n - 10. Calculate f(-11).
-186
Let b(a) = a**2 - 6*a + 3. Give b(5).
-2
Let h(y) = y**2 + 10*y - 24. Give h(-12).
0
Let q(z) = z + 2. What is q(-9)?
-7
Let u(m) = m**3 - 17*m**2 + 16*m - 17. What is u(16)?
-17
Let f(z) = z**3 - z**2 - z + 3. Calculate f(0).
3
Let w(t) = -t**3 - 21*t**2 + 23*t + 12. Give w(-22).
-10
Let h(w) = -2*w**3 - 9*w**2 + 8*w - 17. What is h(-5)?
-32
Let y(i) = 15*i - 1. Calculate y(1).
14
Let j(s) = -14*s**2 + 4*s - 5. What is j(1)?
-15
Let k(g) = 2*g**2 - 30*g + 79. Calculate k(3).
7
Let i(x) = -x + 3. Determine i(-11).
14
Let h(o) = -o**3 - 2*o**2 + 8*o + 21. Give h(-2).
5
Let i(g) = -g**3 - 11*g**2 + 4*g + 44. Determine i(-11).
0
Let j(t) = -4*t**2 + 13. Determine j(-2).
-3
Let n(j) = 18*j + 1. What is n(1)?
19
Let k(p) = p - 17. Calculate k(10).
-7
Let d(x) = -2*x + 44. Calculate d(23).
-2
Let v(k) = 2*k**2 - 10*k + 27. What is v(6)?
39
Let r(z) = -9*z + 22. What is r(6)?
-32
Let o(r) = r**3 + r**2 - 5. What is o(0)?
-5
Let t(j) = j**3 + 14*j**2 - 15*j - 17. Give t(-15).
-17
Let b(v) = -27*v + 569. Calculate b(21).
2
Let w(p) = p**2 + 17*p - 56. Calculate w(3).
4
Let x(a) = -224*a - 455. What is x(-2)?
-7
Let m(g) = g - 8. Calculate m(11).
3
Let m(g) = -g**3 + g**2 - 2*g + 40. Determine m(0).
40
Let v(o) = -32*o + 116. Give v(3).
20
Let k(r) = r**3 - 9*r**2 + 13*r - 1. Determine k(5).
-36
Let p(i) = -i + 8. Determine p(13).
-5
Let d(p) = -p**3 - 7*p**2 - p + 2. Calculate d(-3).
-31
Let d(s) = s**3 - 2*s - 12. Determine d(0).
-12
Let i(p) = p**2 - 10*p - 10. Determine i(15).
65
Let u(x) = x**3 + 16*x**2 + 43*x + 50. Calculate u(-13).
-2
Let w(u) = -2*u**2 - 6*u - 1. Determine w(-4).
-9
Let x(z) = -z - 36. Calculate x(14).
-50
Let q(h) = 3*h**2 + 30*h - 33. What is q(-11)?
0
Let c(k) = 2*k**2 - 3*k - 1. Give c(-5).
64
Let v(d) = -9*d + 3. What is v(8)?
-69
Let o(c) = 2*c - 3. What is o(10)?
17
Let o(u) = -u - 10. Give o(-10).
0
Let h(x) = -2*x**3 - 7*x**2 - 10*x. What is h(-3)?
21
Let m(o) = -o**3 + 5*o**2 + 7*o - 6. Calculate m(7).
-55
Let n(k) = -7*k - 8. Determine n(2).
-22
Let r(b) = 5*b + 4. Give r(-4).
-16
Let t(h) = 2*h + 9. Give t(-16).
-23
Let t(z) = -18*z - 1283. Determine t(-71).
-5
Let f(a) = -3*a**2 - 3. What is f(-3)?
-30
Let r(k) = 2*k**2 + 55*k - 40. What is r(-28)?
-12
Let y(o) = 2*o**3 + o**2 + 1. What is y(2)?
21
Let v(h) = 2*h**2 - 3. What is v(0)?
-3
Let z(w) = -7*w - 3. What is z(3)?
-24
Let f(x) = -2*x**2 - 6*x. Give f(-3).
0
Let j(t) = 3*t**2 - 2*t. What is j(2)?
8
Let x(d) = 6*d**3 - 2*d**2. Determine x(-1).
-8
Let v(p) = p**2 + p - 24. What is v(7)?
32
Let t(x) = -x**3 + 8*x**2 - 5*x - 11. Calculate t(7).
3
Let r(y) = 49*y**2 - 4*y - 3. Calculate r(-1).
50
Let x(w) = w**3 + 8*w**2 + w - 1. Determine x(-8).
-9
Let w(r) = -r**2 + 29*r - 108. Calculate w(4).
-8
Let i(z) = -3*z**2 - 2*z + 27. Calculate i(0).
27
Let g(f) = f**3 - 6*f**2 + 5*f + 9. Give g(4).
-3
Let w(v) = v**3 - 6*v**2 + 5*v - 3. Calculate w(5).
-3
Let h(b) = -6*b + 61. Determine h(9).
7
Let x(v) = 22*v + 2. Determine x(-1).
-20
Let s(o) = -2*o - 98. Determine s(-39).
-20
Let g(o) = o**2 - 8*o + 3. What is g(6)?
-9
Let b(j) = 19*j - 7. Determine b(-3).
-64
Let b(u) = -u**3 - 8*u**2 - 7*u - 6. Give b(-7).
-6
Let x(m) = -m**2 - m + 1. What is x(3)?
-11
Let u(z) = -3*z - 26. Calculate u(-7).
-5
Let a(j) = 11*j**3 - j**2 + 2*j - 1. Calculate a(1).
11
Let x(f) = f**3 - 7*f**2 + 5*f + 2. Calculate x(6).
-4
Let i(j) = -3*j**3 - 3*j**2 + 3*j. Determine i(2).
-30
Let l(y) = y**2 - 13*y - 7. Calculate l(13).
-7
Let a(j) = -11*j + 200. What is a(21)?
-31
Let m(d) = 2*d**3 + 1. Determine m(0).
1
Let c(a) = 17*a + 45. Give c(-2).
11
Let r(k) = k + 20. Calculate r(-13).
7
Let n(z) = -12*z + 1. Calculate n(-1).
13
Let c(t) = -t**3 + 20*t**2 - 16*t - 50. Determine c(19).
7
Let h(v) = v + 15. Calculate h(0).
15
Let l(z) = -56*z**3 + z**2 - 1. What is l(1)?
-56
Let i(u) = -80*u + 2082. Calculate i(26).
2
Let v(k) = 2*k - 33. What is v(14)?
-5
Let j(t) = -3*t - 2. Determine j(3).
-11
Let k(t) = 3*t**2 + 3*t - 4. What is k(-3)?
14
Let s(m) = -m**3 - 9*m**2 - 10*m + 13. What is s(-7)?
-15
Let q(f) = 3*f - 7. Give q(4).
5
Let d(n) = -14*n - 102. Give d(-9).
24
Let u(q) = q**3 - 5*q**2 + 4*q + 4. Determine u(5).
24
Let h(m) = -m**3 - 2*m**2 + 7*m + 5. Give h(-5).
45
Let t(q) = 13*q + 27. Give t(-9).
-90
Let a(u) = -u - 5. Determine a(6).
-11
Let n(i) = 2*i**3 + 8*i**2 + 3*i. What is n(-2)?
10
Let f(c) = c**3 + 8*c**2 + 2*c + 12. What is f(-8)?
-4
Let z(r) = r**2 + 15*r - 17. What is z(-16)?
-1
Let t(v) = -v**3 + 4*v**2 - 3*v. Calculate t(3).
0
Let g(d) = d - 15. Calculate g(19).
4
Let y(c) = c**3 + 5*c**2 - 14*c - 12. Determine y(-6).
36
Let n(g) = -3*g + 51. Give n(28).
-33
Let s(p) = p**3 + 17*p**2 - 11. Give s(-17).
-11
Let s(h) = h**2 - 2*h - 4. Calculate s(6).
20
Let j(l) = 9*l**3 + 2*l**2 - 2*l - 4. Give j(-1).
-9
Let h(b) = -8*b - 17. Give h(2).
-33
Let t(r) = 3*r**3 + 2*r**2 + r. Give t(-1).
-2
Let p(r) = r**2 - 12*r - 7. What is p(12)?
-7
Let s(c) = 32*c + 129. Calculate s(-4).
1
Let z(i) = i**3 + 14*i**2 + 27*i - 58. Determine z(-11).
8
Let h(u) = -16*u**3 - 2*u**2 + 2*u. Calculate h(-2).
116
Let r(s) = s**2 + 11*s + 5. What is r(-5)?
-25
Let v(r) = -r**2 - 5*r + 1. Give v(-3).
7
Let c(f) = f**2 + 4*f - 36. Calculate c(6).
24
Let f(k) = 10*k - 119. Give f(7).
-49
Let v(d) = -4*d + 153. Calculate v(37).
5
Let l(x) = -x - 6. Determine l(-11).
5
Let j(f) = 3*f + 11. Determine j(-13).
-28
Let q(a) = -2*a**3 - 30*a**2 + a + 15. Give q(-15).
0
Let h(i) = -4*i**2 - 2*i + 2. What is h(2)?
-18
Let z(y) = 2*y - 88. Calculate z(24).
-40
Let k(y) = 24*y + 131. Determine k(-6).
-13
Let l(v) = 7*v**3 - 3*v**2 + v. What is l(2)?
46
Let s(o) = o**2 + 16*o - 4. What is s(-6)?
-64
Let k(b) = b**3 - 2*b**2 - 2*b - 17. Calculate k(0).
-17
Let i(d) = d**3 - 3*d**2 + 3. Determine i(3).
3
Let a(h) = -h - 11. What is a(-5)?
-6
Let m(o) = -2*o**2 - o + 1. Give m(-1).
0
Let d(m) = -4*m - 4. Determine d(4).
-20
Let x(i) = i**2 + 9*i - 2. Give x(-10).
8
Let v(l) = -l**3 - 59*l**2 - 8*l - 484. Determine v(-59).
-12
Let u(k) = -20*k - 85